12 + 8 = 0. Let y = -474 - -663. Suppose y = -11*d + 18*d. What is the remainder when d is divided by u?
7
Suppose -g = 7 - 18. Suppose -191 = -4*r + 5*d + 135, 3*r - 256 = -2*d. What is the remainder when r is divided by 28/(-154) - (-475)/g?
41
Suppose 16 + 7 = 2*m + 3*q, -4*m + 5*q = 9. Suppose -2*v + 2*h + 31 = -67, -5*v + m*h = -250. Let a = 64 - v. Calculate the remainder when a is divided by 4.
2
What is the remainder when 619 is divided by 25/(((-1)/(-4))/(40*8/256))?
119
Suppose -v - 11*j + 45 = -6*j, 5*v = -j + 129. Suppose -221*z + 234 = -195*z. Calculate the remainder when v is divided by z.
7
Suppose 305 - 97 = 16*w. Suppose 2*y - 10 = -2*b, -2*b + w = -5*b + 4*y. What is the remainder when 136 is divided by b/(-3 + (-244)/(-80))?
16
Let c = 3 - -33. Suppose 16*l = 8*l + 3712. Suppose -4*g + l = -96. Calculate the remainder when g is divided by c.
32
Suppose -5*x + 97 = k, 5*k - 4*k - 43 = 4*x. What is the remainder when 199 is divided by k?
65
Let s = -2 + 5. Calculate the remainder when (-2 + 10)*s + -6 is divided by 18.
0
Suppose 0 = -4*m + 3*z + z + 92, 23 = m - 4*z. What is the remainder when 409 is divided by m?
18
Let y = -321 - -331. Suppose 3*q = y + 38. Let g = -36 - -80. What is the remainder when g is divided by q?
12
Suppose -2*j + j + 72 = 2*i, 22 = i - 3*j. Suppose -18 = 6*t - 3*t. Let q(d) = d**2 - 4*d + 3. What is the remainder when q(t) is divided by i?
29
Let v(l) = 116*l**2 + 32*l + 184. What is the remainder when v(-5) is divided by 154?
152
Let t = 9 + -8. Let a be 1 + t - (-3 + 4). Suppose 0 = 2*d + 3*k + a, k - 5 = 2*k. What is the remainder when 41 is divided by d?
6
Let z(f) = -4*f + 1599. Calculate the remainder when z(99) is divided by 31.
25
Suppose 32*v = 43*v + 8*v - 1273. Suppose 0 = -5*b + 138 - 18. What is the remainder when v is divided by b?
19
Let k(o) = 3*o**2 + 14*o + 70. Let q = 137 + -143. What is the remainder when k(q) is divided by 14?
10
Let c(x) = x**2 - 2. Suppose 6*b = -47 + 23. Calculate the remainder when b + (-1 + -2 - -31) is divided by c(-3).
3
Let o = 273 - 268. Suppose 0 = 4*n + 2*k - 146, -o*n - 2*k + 0 = -183. What is the remainder when 108 is divided by n?
34
Let a(s) = 11*s + 14*s**2 - 3 + 2 - 17*s + 3. Calculate the remainder when a(1) is divided by 5.
0
Let m(v) = v**3 + 10*v**2 - 17*v - 7. What is the remainder when 231 is divided by m(-5)?
28
Let l = -4 + 66. Suppose 3*h + 68 = 2*j, 0 = 4*j + 5*h - 74 - l. Calculate the remainder when 133 is divided by j.
31
Let j = 8403 - -3279. What is the remainder when j is divided by 46?
44
Suppose -2098 + 3988 = 84*z - 5418. What is the remainder when 8524 is divided by z?
85
Suppose 2*l - 221 + 193 = 0. Suppose q + 3*q - l = -2*x, -10 = -4*q + 2*x. Suppose q*p - 1898 = -10*p. Calculate the remainder when p is divided by 38.
32
Suppose 118 - 697 = -64*p + 893. What is the remainder when 702 is divided by p?
12
Suppose -5*j + 327 = 3*g - 2*j, 0 = -3*g - 5*j + 327. Suppose -12*p + 3*k + g = -11*p, -k = -4*p + 403. Calculate the remainder when p is divided by 17.
15
Let u be 499*(-18)/33 - 4/(-22). Let c = u - -299. Calculate the remainder when 51 is divided by c.
24
Suppose 114*o + 15680 = 149*o. Calculate the remainder when o is divided by 85.
23
Suppose 0 = -15*f + 6828 - 1548. Calculate the remainder when f is divided by 6.
4
Let b(d) = -d. Let v(a) = -3*a + 205. Let k(w) = -b(w) + v(w). Calculate the remainder when k(-28) is divided by 44.
41
Suppose -42888 - 50012 = -17*j - 2001. What is the remainder when j is divided by 50?
47
Let c(x) = -x**3 + 7*x**2 + 30*x + 6. Let r = 250 - 164. Calculate the remainder when r is divided by c(10).
2
Let n = 79 + -78. Let q(m) = 6*m + 2. Let j(l) = l**2 - l - 1. Let h(v) = n*j(v) + q(v). What is the remainder when 27 is divided by h(-6)?
6
What is the remainder when (-216)/(-1728) - (-142183)/8 is divided by 45?
43
Let z(c) = -c**2 - 16*c - 10. Let l be z(-15). Suppose -9 = -2*g + l. Let s(o) = 5*o - 31. What is the remainder when 10 is divided by s(g)?
2
Suppose -2374*o + 2245*o = -4515. Calculate the remainder when 557 is divided by o.
32
Suppose -3*c = s - 11, -3*s = 581*c - 580*c - 73. Suppose -u + 2*u - 154 = 0. What is the remainder when u is divided by s?
24
Suppose -11 = -5*s - 1. Let v = 438 + -423. Suppose -5*h - 5*n + v = 0, -2*n = -5*h + 32 + 4. Calculate the remainder when h is divided by s.
0
Let v = 380 + -206. Calculate the remainder when v is divided by 4/2 + (21 - -2).
24
Let u = 403 + 1. Suppose 21*z = 436 + u. What is the remainder when 517 is divided by z?
37
Let d = 8291 + -7655. Calculate the remainder when d is divided by 87.
27
Suppose -249 - 27 = -4*c. Suppose 5*i + 2*f + f = 399, 3*f = i - c. Calculate the remainder when i is divided by 10.
8
Suppose 94 = 2*i + 4*g, 3*i - g - 4*g = 163. Let m(t) = -t**3 + 18 + 3*t + 11*t + 2*t - 2*t + 5*t**2. Calculate the remainder when i is divided by m(7).
15
Let c(r) = -12*r - 12. Let p(g) = -24*g - 23. Let h(u) = 7*c(u) - 4*p(u). Calculate the remainder when h(3) is divided by 3.
2
Let x = 1318 + -929. Suppose 2*z - 4*b - 62 = 0, 0 = -z - 14*b - 57 - 56. What is the remainder when x is divided by z?
12
Let g(o) = -291*o - 396. Calculate the remainder when g(-2) is divided by 102.
84
Calculate the remainder when 2848 is divided by (315/84)/(65/104).
4
Let m(f) = 13*f + 8 + 5 + 7 - 6. What is the remainder when m(3) is divided by 15?
8
Suppose -5*b + 3*k - 675 - 1963 = 0, -5*b = 5*k + 2670. Let g = b + 589. Calculate the remainder when 411 is divided by g.
57
Suppose 0 = -225*u + 1100 - 696 + 1171. What is the remainder when 7081 is divided by u?
4
Let a(h) be the third derivative of h**3/6 + 4*h**2. Let g(o) = 3*o + 21. Let m(y) = -4*a(y) + g(y). What is the remainder when 66 is divided by m(0)?
15
Let q = 59 + -51. Suppose -29 = -q*l + 3. Suppose -3*h = o - 8, 0*o + l*h = 4*o - 112. Calculate the remainder when 112 is divided by o.
20
Let k = -7383 + 7627. Let l = 106 - 44. Calculate the remainder when k is divided by l.
58
Suppose 0*o - 6*o = 0. Suppose o*p = -7*p + 350. What is the remainder when 246 is divided by p?
46
Let m = 76 + 112. Suppose -36*b + 34*b + m = 0. What is the remainder when b is divided by (-4)/6 - 900/(-54)?
14
Suppose 7*z - 411 = -439. Let l(s) = 4*s**2 + 15*s + 49. Calculate the remainder when l(z) is divided by 33.
20
Suppose -5*n + 64 - 14 = 0. Suppose -n*f + 316 = 26. Calculate the remainder when 141 is divided by f.
25
Let v(o) be the first derivative of -o**4/4 + 17*o**3/3 + 45*o**2/2 - 21*o - 76. Calculate the remainder when v(19) is divided by 63.
49
Suppose 5*s - 1533 - 1879 = 2*b, -4*b = -s + 668. Suppose -s = -0*a - 19*a. What is the remainder when 112 is divided by a?
4
Suppose -15 = 5*j, -3*j = -s - 8*j + 18. Suppose 0 = -32*v + s*v - 8. Suppose 0 = v*l - 574 + 102. What is the remainder when l is divided by 32?
27
Let o(k) = -8*k + 443. Calculate the remainder when 97 is divided by o(52).
16
Let f = 2186 + -2126. Suppose 0 = 3*s - 10*s + 336. Calculate the remainder when f is divided by s.
12
Let m be 4 - -2*(1 - 0). Let o(u) = -65*u**2 + 2*u - 1. Let v be o(1). What is the remainder when (v/(-24))/(m/171) is divided by 6?
4
Suppose -8*i + 10*i - 82 = -3*p, -i + 28 = p. Calculate the remainder when 228 is divided by p.
20
What is the remainder when -7 - (78345/(-15) - -10) is divided by 27?
22
Let r(c) = -c**2 - 165*c - 322. Calculate the remainder when r(-152) is divided by 129.
106
Let f = -231 - -714. Suppose f = l + 6*l. Calculate the remainder when l is divided by 7.
6
Let x(u) = 43*u + 7. Calculate the remainder when x(6) is divided by ((-66)/9 + 6)/((-2)/21).
13
Let j(i) = -i**3 + 3*i**2 - 8*i - 4. Let c be j(-6). Let v = c - 301. Calculate the remainder when v is divided by 10.
7
Suppose s + 5 = 0, -31 = c + 4*s - 82. Calculate the remainder when c is divided by 2/(-4) + 510/20 + 14.
32
Suppose -q - o = -13, 0 = 3*q + 2*o - 134 + 90. Let j = 126 - 75. Calculate the remainder when j is divided by q.
15
Let l be 6/(-4) - 10977/6. Let d be l/3 - (4/6 - 1). Calculate the remainder when d/15*(-3)/2 is divided by 21.
19
Suppose -280 = 6*k - 11*k. Calculate the remainder when 2*(1*-1)/(3*(-13)/2028) is divided by k.
48
Suppose 11*k - 976 = -4*a + 191, -5*k - 1515 = -5*a. What is th